mmon divisor of b and 52.
13
Let i(g) = -5*g - 3. Let b(s) = s**2 - 1. Let h = 0 + 0. Let x be b(h). Let y be i(x). Calculate the greatest common divisor of 8 and y.
2
Let x = 8955 + -8622. Let b be (-3320)/(-45) - 2/(-9). Calculate the highest common divisor of b and x.
37
Suppose 0 = -2*i - 173*k + 170*k + 330, 4*i - 5*k - 660 = 0. Calculate the highest common factor of i and 2541.
33
Let d be (-338)/(-1521) + ((-104)/(-18) - 0). Suppose -b - 2 = 0, 4*r - d*r + 124 = b. What is the highest common factor of 72 and r?
9
Let y(t) = 2*t**2 - 2*t - 24. Let a = -6 - -8. Suppose 26 = -3*u - 5*m, 3*u - a*m = -0*m - 40. Let j be y(u). What is the greatest common divisor of j and 36?
36
Suppose -5*z = 4*r - 695, z = -4*r + 596 + 119. Suppose -30*x + r = -20*x. Let q be (-146)/(-4) + 1/(-2). Calculate the greatest common divisor of x and q.
18
Let j be ((-72174)/115)/(1026/510*-2 + 4). What is the greatest common factor of j and 51?
51
Let f(d) = -20*d**2 - 36*d - 6. Let i be f(5). Let p = i + 770. Calculate the highest common factor of 60 and p.
12
Suppose 1479 = 2*c - k, 4*c + 5*k - 1327 - 1596 = 0. Calculate the highest common divisor of c and 335.
67
Let z(c) = c**2 + 17*c + 124. Let p be z(-12). What is the greatest common factor of 64 and p?
64
Let l(y) = -143*y - 3519. Let v be l(-34). What is the highest common divisor of v and 79?
79
Suppose 55 - 55 = -z. Let t be (0 - 0) + (7 - -1). Suppose -3*n - t = 3*o - 119, z = -4*n + 4*o + 124. Calculate the highest common divisor of 34 and n.
34
Suppose -6*w + 26 = 3*v - 2*w, v = 3*w. Suppose -2*y - 5*q - 2 = 17, 2*y + 11 = 3*q. Let s = y + 31. Calculate the highest common divisor of s and v.
6
Suppose 3*m = -g - 0 - 18, -m + 3*g = 6. Let j be (51/m)/((-1)/2). Suppose -61*a + 58*a = -408. What is the greatest common factor of a and j?
17
Let c = -18771 + 18963. Calculate the highest common divisor of 804 and c.
12
Let m = -2798 - -2807. Calculate the highest common factor of m and 2412.
9
Let q = 76 + -49. Suppose 3*h - 12 = u + 21, 0 = h + 5*u - q. Suppose h*b - 2210 = -5*b. Calculate the highest common factor of b and 52.
26
Let j = 124 - 64. Let m be 19/((-2)/6*1). Let l = m - -157. What is the highest common divisor of j and l?
20
Suppose 57*z - 350 = -13*z. What is the highest common factor of 8665 and z?
5
Let n = -8076 - -8956. What is the greatest common factor of n and 1360?
80
Suppose -2*a + 28 = -4. Let h be (a/(-14))/((-2)/7) - 0. Suppose 216 = h*r + 4*r. Calculate the highest common divisor of 243 and r.
27
Let n = -3 + 5. Suppose 0 = -14*j - 15*j - 8787. Let u = 305 + j. What is the greatest common factor of u and n?
2
Let k be (-478)/(-8) - 3/4. Suppose -4*m + 51 = k. Let p be 4 + (31 - -2 - m) + 3. Calculate the greatest common divisor of 21 and p.
21
Suppose 9*d - 4*d - d = 13040. What is the highest common factor of d and 10?
10
Let c = -60 - -78. Let d be (0 - 0) + -4 + 5. Let z = 5 + d. Calculate the greatest common factor of c and z.
6
Let h(i) = -2*i**3 - 7*i**2 + 2*i + 2. Let q be h(-6). Suppose 17*f = 23*f - 270. Suppose 3*r - 6 = f. Calculate the greatest common factor of r and q.
17
Suppose -17 = l - 4*q, l + 4*q = 3*q + 8. Suppose 0 = l*t - 4*t + 33. Let g = -13 + 79. What is the greatest common factor of t and g?
33
Suppose y - 235 = -3*i + 6*y, 10 = -2*y. What is the highest common divisor of 1130 and i?
10
Suppose -m = 3*u - 6, u - 1 = 3*m - 39. What is the highest common factor of 2356 and m?
4
Let z = 69 + -64. Suppose 1 = -f, z*l + f - 528 = 4*f. What is the greatest common factor of 21 and l?
21
Suppose 53 = -2*k - 0*k - l, -4*l = 4*k + 112. Let x(u) = u + 31. Let t be x(k). Suppose 12*i - t*i - 408 = 0. Calculate the highest common divisor of i and 51.
17
Let l be 938/6 + 6/(-18). Let n be 39/l - 4/((-16)/63). Calculate the greatest common divisor of 4 and n.
4
Let b = 4720 - 7970. Let j be ((-3)/(-2))/((-25)/b). Calculate the highest common divisor of j and 15.
15
Let r(j) = -231*j + 5317. Let v be r(22). What is the greatest common factor of v and 5311?
47
Let s(d) = -3*d**3 - 3*d**2 - 16*d - 12. Let m be s(-1). What is the highest common divisor of 53 and m?
1
Suppose -11*h + 2*a = -2164, -38*a = -33*a - 35. Calculate the greatest common factor of h and 693.
99
Let v(t) = t**3 - 3*t**2 - 14*t - 2. Let l be v(6). Let q be -2*(-8)/12 - (-4)/6. Calculate the greatest common divisor of l and q.
2
Let c = 2 - 0. Suppose 82 + 44 = q - x, c*x = -3*q + 388. Suppose 305 + 191 = 78*z - 128. Calculate the highest common divisor of q and z.
8
Suppose -3*o = 3*t - 33, 5*o - 34 = -t + 3*t. Let a be (-8)/(4/14*o/(-16)). Let f be (-334)/(-4) + (-1)/(-2). Calculate the greatest common factor of a and f.
28
Let i = 4 - 0. Suppose i*q + q = 120. Suppose v = c - 9, -3536*v = 3*c - 3538*v - 26. What is the highest common divisor of q and c?
8
Let a be 30 - (13 + -24 - -11). What is the highest common divisor of a and 1500?
30
Let s(f) = -97*f + 4. Let x be s(-4). Suppose x = 2*y + 2*y. Suppose -507 + 604 + 1261 = 97*u. Calculate the greatest common divisor of y and u.
14
Let k(m) = -m**3 - 3*m**2 - 3*m - 3. Let h be k(-4). Let y be 27 + ((-374)/17)/1. Calculate the highest common factor of y and h.
5
Suppose 61270 = 168*z - 37878 - 115892. Calculate the highest common divisor of 4 and z.
4
Let w be (-12)/18 - (-22)/6. Suppose 411 = w*m - 1764. What is the greatest common divisor of m and 29?
29
Let y(t) = 15*t - 221. Let m(g) = 2*g**3 - 29*g**2 - 14*g. Let j be m(15). Let f be y(j). Suppose -2*c + 10 = -6. What is the greatest common factor of c and f?
4
Let s = -3410 + 3425. Calculate the highest common factor of 160 and s.
5
Let z = 1 - -4. Let l be 605*1*2/z. Let t = -2098 - -2120. Calculate the greatest common factor of t and l.
22
Let d be 519/57 + 28/(-266). Let k = 54 - d. Calculate the greatest common divisor of 135 and k.
45
Suppose -7*w + 1804 + 6071 = 0. Let t be 90/21 - 2/7. Suppose -j = t*j - w. What is the greatest common factor of j and 90?
45
Suppose 0 = 254*s - 260*s + 210. What is the highest common factor of s and 763?
7
Suppose 804*f + 8568 = 813*f. What is the greatest common factor of 16 and f?
8
Suppose 69*u + 208 = 71*u. Suppose 101*v + 102 = u*v. Calculate the highest common divisor of 238 and v.
34
Suppose a = -4*p + 9871, -92*p + 14782 = -86*p - 2*a. What is the highest common divisor of p and 36?
18
Let g be (-15)/20 - (-2421)/12. Let v be g/39 - 2/13. Suppose 4*y - v*o = 79, o = -5*y + 5*o + 101. Calculate the highest common factor of y and 21.
21
Let x(l) = -211*l + 8331. Let d be x(39). What is the greatest common factor of 1921 and d?
17
Let n be ((-6)/(-15) - (-6)/10) + 5. Let g be 4*n*427/244. Calculate the highest common divisor of 189 and g.
21
Suppose 11*x - 7*x - 148 = 0. Let b(k) = -k + 8. Let s be b(9). Let q = x + s. What is the highest common factor of q and 9?
9
Let k(d) = d**3 - 15*d**2 + 47*d - 14. Let u be k(13). Suppose 252*v = u*v - 98. What is the highest common factor of 7 and v?
7
Let v = -346 - -350. Suppose 0 = -v*n - w + 129, 4*n - 3*w = -n + 140. Calculate the greatest common divisor of n and 62.
31
Suppose 0 = 2*i - 5*v - 103, 2*v = -4*i + 118 + 52. Let w be (-25)/20 - 211/4. Let m be (-606)/w + 4/(-18). Calculate the greatest common factor of i and m.
11
Let g = 2826 + -2416. Let q = -191 - -355. What is the highest common factor of q and g?
82
Let a = -254 - -639. What is the highest common divisor of a and 3780?
35
Let n = -2311 - -2387. Calculate the greatest common divisor of n and 779.
19
Let p = 4028 + -4002. Let x = -20 + 33. What is the highest common factor of x and p?
13
Suppose -419*n = -174170 - 9352. Calculate the highest common factor of n and 2774.
146
Suppose -14*p = 3*k - 11*p - 14700, -3*p = -2*k + 9775. Calculate the highest common divisor of k and 89.
89
Suppose 4*p + 482 = 5*w, -46*w - 108 = -48*w - 9*p. What is the greatest common divisor of w and 4740?
30
Suppose -93 = 2*b - 401. Let q = 1693 + -1665. What is the greatest common divisor of q and b?
14
Suppose 9*n = 3*q + 66, -8*n = -11*n - 2*q + 10. Let r = 447 + -21. What is the highest common divisor of n and r?
6
Let d = 13905 + -13864. Calculate the highest common factor of 492 and d.
41
Let l(q) = 8*q + 48. Let i be l(-5). Suppose 6*c = p + i*c - 